{"id":68,"date":"2025-04-10T22:24:24","date_gmt":"2025-04-10T20:24:24","guid":{"rendered":"https:\/\/veterinaire-a-domicile-paris.fr\/?page_id=68"},"modified":"2025-04-10T22:25:27","modified_gmt":"2025-04-10T20:25:27","slug":"maladies-des-yeux","status":"publish","type":"page","link":"https:\/\/veterinaire-a-domicile-paris.fr\/?page_id=68","title":{"rendered":"Maladies des yeux"},"content":{"rendered":"\n<figure class=\"wp-block-table\"><table class=\"has-fixed-layout\"><tbody><tr><td class=\"has-text-align-left\" data-align=\"left\"><strong><mark style=\"background-color:rgba(0, 0, 0, 0);color:#293583\" class=\"has-inline-color\">CHALAZION<\/mark><\/strong><br><strong>\u00a0 \u00a0 \u00a0 \u00a0 \u00a0<br>\u00a0<\/strong>Sur le bord des paupi\u00e8res sont implant\u00e9es des glandes particuli\u00e8res, assimil\u00e9es \u00e0 des glandes s\u00e9bac\u00e9es, qui produisent une s\u00e9cr\u00e9tion grasse fort utile pour la protection de l\u2019\u0153il, puisqu\u2018elle entre dans la composition des larmes. Ces glandes sont sujettes \u00e0 l\u2019inflammation et \u00e0 l\u2019engorgement avec r\u00e9duction ou suppression de la lumi\u00e8re du canal excr\u00e9teur. Cela aboutit \u00e0 la formation d\u2019un petit kyste qu\u2019on appelle chalazion, bien visible sur la face inf\u00e9rieure de la paupi\u00e8re, c\u00f4t\u00e9 conjonctive. La l\u00e9sion<br>\u00a0attire d\u2019autant plus l\u2019attention lorsqu\u2019est associ\u00e9e au m\u00eame endroit une petite prolif\u00e9ration b\u00e9nigne nettement en relief qui est tr\u00e8s g\u00eanante si elle frotte directement la surface de la corn\u00e9e, cette petite formation pouvant aussi \u00e9voluer seule sans le chalazion. Ces ph\u00e9nom\u00e8nes sont tr\u00e8s fr\u00e9quents chez le chien, surtout \u00e0 partir d\u2019un certain \u00e2ge.\u00a0<br><br><br>\u00a0 \u00a0 \u00a0 \u00a0 \u00a0 Lorsqu\u2019existe une petite l\u00e9sion en relief, mais sans aucune cons\u00e9quence inflammatoire ou m\u00e9canique, on choisit souvent l\u2019attente sans intervention. A l\u2019inverse, si la g\u00eane est manifeste (inflammation, infection, frottement sur la corn\u00e9e), l\u2019intervention chirurgicale est n\u00e9cessaire, puisque le traitement m\u00e9dical, s\u2019il permet de r\u00e9duire l\u2019inflammation, ne suffit pas \u00e0 \u00e9liminer la cause. Elle consiste, sous anesth\u00e9sie g\u00e9n\u00e9rale, \u00e0 inciser, cureter, voire retirer le petit nodule, et dans ce cas \u00e0 suturer. L\u2019op\u00e9ration est simple \u00e0 r\u00e9aliser.<br>\u00a0<mark style=\"background-color:rgba(0, 0, 0, 0);color:#293583\" class=\"has-inline-color\"><br><strong>BAISSE DE LA VISION<\/strong><\/mark>\u00a0 \u00a0 \u00a0<br><br> \u00a0 \u00a0\u00a0La baisse de la vision peut \u00eatre caus\u00e9e par des l\u00e9sions \u00e0 diff\u00e9rents niveaux. Il n\u2019est pas toujours ais\u00e9 de s\u2019en apercevoir, car l\u2019animal ne manifeste souvent que quelques changements de comportement, par exemple devenir agressif ou seulement maladroit, g\u00ean\u00e9 dans certaines circonstances, dans la p\u00e9nombre ou au contraire en lumi\u00e8re vive, selon la cause. Le chien compense bien par l\u2019ou\u00efe et l\u2019odorat tant qu\u2019il est chez lui, sur son terrain. A l\u2019inverse, le chat manifestera plus facilement des sympt\u00f4mes d\u2019anxi\u00e9t\u00e9.<br>\u00a0 \u00a0 \u00a0 \u00a0 \u00a0 Toute opacit\u00e9 de la structure de l\u2019\u0153il peut entra\u00eener la baisse de la vision. Au niveau de la corn\u00e9e, une perte de transparence peut \u00eatre due \u00e0 un \u0153d\u00e8me d\u2019origine inflammatoire, d\u00e9g\u00e9n\u00e9rative ou traumatique ( l\u2019\u0153il para\u00eet blanc en surface) ou un envahissement progressif de cellules pigmentaires (aspect de recouvrement noir\u00e2tre). Une opacification du cristallin (cataracte) g\u00eane ou supprime la vision selon qu\u2019elle est partielle ou totale. Un changement d\u2019aspect du cristallin chez le chien \u00e2g\u00e9 (centre de l\u2019\u0153il bleut\u00e9) n\u2019est pas synonyme de cataracte. Il s\u2019agit souvent d\u2019un changement de structure li\u00e9 \u00e0 l\u2019\u00e2ge, mais qui n\u2019alt\u00e8re quasiment pas la vision. Plus profond\u00e9ment, une d\u00e9g\u00e9n\u00e9rescence, m\u00eame discr\u00e8te, de la r\u00e9tine risque de perturber fortement la fonction visuelle.<br>\u00a0 \u00a0 \u00a0 \u00a0 \u00a0 Certaines de ces l\u00e9sions sont r\u00e9versibles. Dans ce cas, instaurer le traitement au plus vite permet de limiter les s\u00e9quelles.<\/td><\/tr><\/tbody><\/table><\/figure>\n","protected":false},"excerpt":{"rendered":"<p>CHALAZION\u00a0 \u00a0 \u00a0 \u00a0 \u00a0\u00a0Sur le bord des paupi\u00e8res sont implant\u00e9es des glandes particuli\u00e8res, assimil\u00e9es \u00e0 des glandes s\u00e9bac\u00e9es, qui<\/p>\n","protected":false},"author":1,"featured_media":0,"parent":0,"menu_order":0,"comment_status":"closed","ping_status":"closed","template":"","meta":{"colormag_page_layout":"default_layout","footnotes":""},"class_list":["post-68","page","type-page","status-publish","hentry"],"_links":{"self":[{"href":"https:\/\/veterinaire-a-domicile-paris.fr\/index.php?rest_route=\/wp\/v2\/pages\/68","targetHints":{"allow":["GET"]}}],"collection":[{"href":"https:\/\/veterinaire-a-domicile-paris.fr\/index.php?rest_route=\/wp\/v2\/pages"}],"about":[{"href":"https:\/\/veterinaire-a-domicile-paris.fr\/index.php?rest_route=\/wp\/v2\/types\/page"}],"author":[{"embeddable":true,"href":"https:\/\/veterinaire-a-domicile-paris.fr\/index.php?rest_route=\/wp\/v2\/users\/1"}],"replies":[{"embeddable":true,"href":"https:\/\/veterinaire-a-domicile-paris.fr\/index.php?rest_route=%2Fwp%2Fv2%2Fcomments&post=68"}],"version-history":[{"count":2,"href":"https:\/\/veterinaire-a-domicile-paris.fr\/index.php?rest_route=\/wp\/v2\/pages\/68\/revisions"}],"predecessor-version":[{"id":71,"href":"https:\/\/veterinaire-a-domicile-paris.fr\/index.php?rest_route=\/wp\/v2\/pages\/68\/revisions\/71"}],"wp:attachment":[{"href":"https:\/\/veterinaire-a-domicile-paris.fr\/index.php?rest_route=%2Fwp%2Fv2%2Fmedia&parent=68"}],"curies":[{"name":"wp","href":"https:\/\/api.w.org\/{rel}","templated":true}]}}